{"id":460,"date":"2022-10-26T05:16:58","date_gmt":"2022-10-26T05:16:58","guid":{"rendered":"https:\/\/benhvien.abweb.vn\/?page_id=460"},"modified":"2022-11-10T17:00:25","modified_gmt":"2022-11-10T10:00:25","slug":"lien-he","status":"publish","type":"page","link":"https:\/\/greenvet.sharecode.io.vn\/?page_id=460","title":{"rendered":"Li\u00ean h\u1ec7"},"content":{"rendered":"\t<section class=\"section\" id=\"section_1853161098\">\n\t\t<div class=\"bg section-bg fill bg-fill  bg-loaded\" >\n\n\t\t\t\n\t\t\t\n\t\t\t\n\n\t\t<\/div>\n\n\t\t\n\n\t\t<div class=\"section-content relative\">\n\t\t\t\n<div class=\"row\"  id=\"row-1099399842\">\n\n\t<div id=\"col-1990019985\" class=\"col small-12 large-12\"  >\n\t\t\t\t<div class=\"col-inner\"  >\n\t\t\t\n\t\t\t\n<h1><strong>C\u00d4NG TY C\u1ed4 PH\u1ea6N TH\u00da Y XANH &#8211; GREENVET<\/strong><\/h1>\n<p>\u0110\u01b0\u1ee3c th\u00e0nh l\u1eadp v\u00e0o n\u0103m 2001 &#8211; thu\u1ed9c t\u1eadp \u0111o\u00e0n <strong>GREENGROUP. <\/strong>L\u00e0 m\u1ed9t trong nh\u1eefng c\u00f4ng ty l\u00e2u \u0111\u1eddi v\u00e0 n\u1ed5i ti\u1ebfng ho\u1ea1t \u0111\u1ed9ng kinh doanh thu\u1ed1c th\u00fa y.<\/p>\n<p>Gi\u1edd \u0111\u00e2y, Th\u00fa Y Xanh \u0111\u00e3 h\u1ee3p t\u00e1c th\u00e0nh c\u00f4ng h\u01a1n 20 nh\u00e0 cung c\u1ea5p l\u1edbn tr\u00ean th\u1ebf gi\u1edbi, s\u1edf h\u1eefu cho m\u00ecnh 01 nh\u00e0 m\u00e1y s\u1ea3n xu\u1ea5t thu\u1ed1c Thu\u1ed1c th\u00fa y \u0111\u1ea1t ti\u00eau chu\u1ea9n qu\u1ed1c t\u1ebf GMP-WHO \u0111\u1ea7u ti\u00ean t\u1ea1i mi\u1ec1n B\u1eafc, 01 nh\u00e0 m\u00e1y s\u1ea3n xu\u1ea5t ph\u1ee5 gia, nguy\u00ean li\u1ec7u th\u1ee9c \u0103n ch\u0103n nu\u00f4i Miavit, h\u1ec7 th\u1ed1ng logistic 09 v\u0103n ph\u00f2ng, kho v\u1eadn; 40 xe t\u1ea3i chuy\u00ean d\u1ee5ng v\u1eadn h\u00e0nh chuy\u00ean nghi\u1ec7p kh\u1eafp c\u1ea3 n\u01b0\u1edbc v\u00e0 tr\u1edf th\u00e0nh th\u01b0\u01a1ng hi\u1ec7u th\u00fa y h\u00e0ng \u0111\u1ea7u Vi\u1ec7t Nam&#8230;..<\/p>\n\t\t<\/div>\n\t\t\t\t\t<\/div>\n\n\t\n<\/div>\n<div class=\"row\"  id=\"row-2101438485\">\n\n\t<div id=\"col-835197349\" class=\"col medium-6 small-12 large-6\"  >\n\t\t\t\t<div class=\"col-inner\"  >\n\t\t\t\n\t\t\t\n<div class=\"tieudefooter\">C\u00d4NG TY C\u1ed4 PH\u1ea6N TH\u00da Y XANH<\/div>\n<p><i class=\"fa-solid fa-address-book\"><\/i> VP HN: L\u00f4 A2 CN4 C\u1ee5m CN T\u1eeb Li\u00eam, P.Ph\u01b0\u01a1ng Canh, Q.Nam T\u1eeb Li\u00eam, TP.H\u00e0 N\u1ed9i.<\/p>\n<p><i class=\"fa-solid fa-phone\"><\/i> Hotline: 1800 6635 &#8211; T\u01b0 v\u1eabn mi\u1ec5n ph\u00ed<\/p>\n<p><i class=\"fa-solid fa-address-book\"><\/i> VP HN: L\u00f4 s\u1ed1 07, \u00d4 33, \u0111\u01b0\u1eddng Tri\u1ec7u Qu\u1ed1c \u0110\u1ea1t, P. V\u0129nh H\u00f2a, TP. Nha Trang, T. Kh\u00e1nh H\u00f2a.<\/p>\n<p><i class=\"fa-solid fa-phone\"><\/i> Hotline: (84-258) 3543 965<\/p>\n<p><i class=\"fa-solid fa-address-book\"><\/i> VP HN: S\u1ed1 83 L\u00fd Chi\u00eau Ho\u00e0ng, P. 10, Q. 6, TP. H\u1ed3 Ch\u00ed Minh.<\/p>\n<p><i class=\"fa-solid fa-phone\"><\/i> Hotline: (84-28) 6260 1438<\/p>\n<p><i class=\"fa-solid fa-envelope\"><\/i> Email: info@greenvet.sharecode.io.vn<\/p>\n\t\t<\/div>\n\t\t\t\t\t<\/div>\n\n\t\n\n\t<div id=\"col-1971878490\" class=\"col medium-6 small-12 large-6\"  >\n\t\t\t\t<div class=\"col-inner\"  >\n\t\t\t\n\t\t\t\n<p style=\"text-align: left\"><strong>\u0110\u0102NG K\u00dd T\u01af V\u1ea4N<\/strong><\/p>\n\n<div class=\"wpcf7 no-js\" id=\"wpcf7-f2264-o1\" lang=\"en-US\" dir=\"ltr\" data-wpcf7-id=\"2264\">\n<div class=\"screen-reader-response\"><p role=\"status\" aria-live=\"polite\" aria-atomic=\"true\"><\/p> <ul><\/ul><\/div>\n<form action=\"\/index.php?rest_route=%2Fwp%2Fv2%2Fpages%2F460#wpcf7-f2264-o1\" method=\"post\" class=\"wpcf7-form init\" aria-label=\"Contact form\" novalidate=\"novalidate\" data-status=\"init\">\n<fieldset class=\"hidden-fields-container\"><input type=\"hidden\" name=\"_wpcf7\" value=\"2264\" \/><input type=\"hidden\" name=\"_wpcf7_version\" value=\"6.1.5\" \/><input type=\"hidden\" name=\"_wpcf7_locale\" value=\"en_US\" \/><input type=\"hidden\" name=\"_wpcf7_unit_tag\" value=\"wpcf7-f2264-o1\" \/><input type=\"hidden\" name=\"_wpcf7_container_post\" value=\"0\" \/><input type=\"hidden\" name=\"_wpcf7_posted_data_hash\" value=\"\" \/>\n<\/fieldset>\n<p><span class=\"wpcf7-form-control-wrap\" data-name=\"hoten\"><input size=\"40\" maxlength=\"400\" class=\"wpcf7-form-control wpcf7-text wpcf7-validates-as-required\" aria-required=\"true\" aria-invalid=\"false\" placeholder=\"H\u1ecd t\u00ean\" value=\"\" type=\"text\" name=\"hoten\" \/><\/span><br \/>\n<span class=\"wpcf7-form-control-wrap\" data-name=\"so-dien-thoai\"><input size=\"40\" maxlength=\"400\" class=\"wpcf7-form-control wpcf7-text wpcf7-validates-as-required\" aria-required=\"true\" aria-invalid=\"false\" placeholder=\"S\u1ed1 \u0111i\u1ec7n tho\u1ea1i\" value=\"\" type=\"text\" name=\"so-dien-thoai\" \/><\/span><br \/>\n<span class=\"wpcf7-form-control-wrap\" data-name=\"dia-chi\"><input size=\"40\" maxlength=\"400\" class=\"wpcf7-form-control wpcf7-text wpcf7-validates-as-required\" aria-required=\"true\" aria-invalid=\"false\" placeholder=\"\u0110\u1ecba ch\u1ec9 ch\u0103n nu\u00f4i\" value=\"\" type=\"text\" name=\"dia-chi\" \/><\/span><br \/>\n<span class=\"wpcf7-form-control-wrap\" data-name=\"noi-dung\"><textarea cols=\"40\" rows=\"10\" maxlength=\"2000\" class=\"wpcf7-form-control wpcf7-textarea wpcf7-validates-as-required\" aria-required=\"true\" aria-invalid=\"false\" placeholder=\"B\u1ea1n c\u1ea7n t\u01b0 v\u1ea5n \u0111i\u1ec1u g\u00ec?\" name=\"noi-dung\"><\/textarea><\/span><br \/>\n<input class=\"wpcf7-form-control wpcf7-submit has-spinner\" type=\"submit\" value=\"\u0110\u0103ng k\u00fd\" \/>\n<\/p><div class=\"wpcf7-response-output\" aria-hidden=\"true\"><\/div>\n<\/form>\n<\/div>\n\n\t\t<\/div>\n\t\t\t\t\t<\/div>\n\n\t\n<\/div>\n\t\t<\/div>\n\n\t\t\n<style>\n#section_1853161098 {\n  padding-top: 30px;\n  padding-bottom: 30px;\n}\n#section_1853161098 .ux-shape-divider--top svg {\n  height: 150px;\n  --divider-top-width: 100%;\n}\n#section_1853161098 .ux-shape-divider--bottom svg {\n  height: 150px;\n  --divider-width: 100%;\n}\n<\/style>\n\t<\/section>\n\t\n\t<section class=\"section\" id=\"section_1952095054\">\n\t\t<div class=\"bg section-bg fill bg-fill  bg-loaded\" >\n\n\t\t\t\n\t\t\t\n\t\t\t\n\n\t\t<\/div>\n\n\t\t\n\n\t\t<div class=\"section-content relative\">\n\t\t\t\n<div class=\"row\"  id=\"row-1584750831\">\n\n\t<div id=\"col-1832288872\" class=\"col small-12 large-12\"  >\n\t\t\t\t<div class=\"col-inner\"  >\n\t\t\t\n\t\t\t\n\t<div id=\"text-2307528711\" class=\"text\">\n\t\t\n<h1 class=\"all-title gachgiua chuxanhluc\">\u0110\u1ecba Ch\u1ec9 Tr\u00ean Google Map<\/h1>\n\t\t\n<style>\n#text-2307528711 {\n  text-align: center;\n}\n<\/style>\n\t<\/div>\n\t\n\n<p><iframe src=\"https:\/\/www.google.com\/maps\/embed?pb=!1m18!1m12!1m3!1d3723.764165640442!2d105.7403901!3d21.042120300000004!2m3!1f0!2f0!3f0!3m2!1i1024!2i768!4f13.1!3m3!1m2!1s0x313454e306a058d9%3A0xdc3523226ea4fcf5!2zQ8O0bmcgVHkgVGjDuiBZIFhhbmggVmnhu4d0IE5hbQ!5e0!3m2!1svi!2s!4v1668066719331!5m2!1svi!2s\" width=\"100%\" height=\"350\" style=\"border:0;\" allowfullscreen=\"\" loading=\"lazy\" referrerpolicy=\"no-referrer-when-downgrade\"><\/iframe><br \/>\n\n\t\t<\/div>\n\t\t\t\t\t<\/div>\n\n\t\n<\/div>\n\t\t<\/div>\n\n\t\t\n<style>\n#section_1952095054 {\n  padding-top: 30px;\n  padding-bottom: 30px;\n}\n#section_1952095054 .ux-shape-divider--top svg {\n  height: 150px;\n  --divider-top-width: 100%;\n}\n#section_1952095054 .ux-shape-divider--bottom svg {\n  height: 150px;\n  --divider-width: 100%;\n}\n<\/style>\n\t<\/section>\n\t\n","protected":false},"excerpt":{"rendered":"","protected":false},"author":0,"featured_media":0,"parent":0,"menu_order":0,"comment_status":"closed","ping_status":"closed","template":"page-blank.php","meta":{"footnotes":""},"class_list":["post-460","page","type-page","status-publish","hentry"],"acf":[],"_links":{"self":[{"href":"https:\/\/greenvet.sharecode.io.vn\/index.php?rest_route=\/wp\/v2\/pages\/460","targetHints":{"allow":["GET"]}}],"collection":[{"href":"https:\/\/greenvet.sharecode.io.vn\/index.php?rest_route=\/wp\/v2\/pages"}],"about":[{"href":"https:\/\/greenvet.sharecode.io.vn\/index.php?rest_route=\/wp\/v2\/types\/page"}],"replies":[{"embeddable":true,"href":"https:\/\/greenvet.sharecode.io.vn\/index.php?rest_route=%2Fwp%2Fv2%2Fcomments&post=460"}],"version-history":[{"count":23,"href":"https:\/\/greenvet.sharecode.io.vn\/index.php?rest_route=\/wp\/v2\/pages\/460\/revisions"}],"predecessor-version":[{"id":2754,"href":"https:\/\/greenvet.sharecode.io.vn\/index.php?rest_route=\/wp\/v2\/pages\/460\/revisions\/2754"}],"wp:attachment":[{"href":"https:\/\/greenvet.sharecode.io.vn\/index.php?rest_route=%2Fwp%2Fv2%2Fmedia&parent=460"}],"curies":[{"name":"wp","href":"https:\/\/api.w.org\/{rel}","templated":true}]}}