{"id":1812,"date":"2022-11-05T16:45:50","date_gmt":"2022-11-05T09:45:50","guid":{"rendered":"https:\/\/greenvet.sharecode.io.vn\/?post_type=product&#038;p=1812"},"modified":"2022-11-10T17:15:26","modified_gmt":"2022-11-10T10:15:26","slug":"medivac-ae-pox","status":"publish","type":"product","link":"https:\/\/greenvet.sharecode.io.vn\/?product=medivac-ae-pox","title":{"rendered":"Vaccine Medivac AE-POX"},"content":{"rendered":"<p><strong>TH\u00c0NH PH\u1ea6N:<\/strong><\/p>\n<p>Virus avian encephalomyelitis (AE) \u0111\u00f4ng kh\u00f4 ch\u1ee7ng Calnek 1143 v\u00e0 virus \u0110\u1eadu g\u00e0<br \/>\nch\u1ee7ng M92<\/p>\n<p><strong>C\u00d4NG D\u1ee4NG:<\/strong><\/p>\n<p>V\u1eafc xin ph\u00f2ng b\u1ec7nh vi\u00eam n\u00e3o tu\u1ef7 truy\u1ec1n nhi\u1ec5m v\u00e0 b\u1ec7nh \u0110\u1eadu tr\u00ean gia c\u1ea7m<\/p>\n<p><strong>C\u00c1CH D\u00d9NG:<\/strong><\/p>\n<p>Ch\u1ee7ng m\u00e0ng c\u00e1nh cho gia c\u1ea7m: 1 li\u1ec1u\/con.<br \/>\nCh\u1ee7ng cho g\u00e0 trong giai \u0111o\u1ea1n 10-12 tu\u1ea7n, mu\u1ed9n nh\u1ea5t l\u00e0 4 tu\u1ea7n tr\u01b0\u1edbc khi l\u00ean \u0111\u1ebb.<\/p>\n<p><strong>QUY C\u00c1CH:<\/strong><\/p>\n<p>Chai 1000 li\u1ec1u<\/p>\n<p><strong>B\u1ea2O QU\u1ea2N:<\/strong><br \/>\nB\u1ea3o qu\u1ea3n n\u01a1i kh\u00f4 r\u00e1o, tho\u00e1ng m\u00e1t, nhi\u1ec7t \u0111\u1ed9 2 \u2013 8 \u0111\u1ed9 C, tr\u00e1nh \u00e1nh s\u00e1ng m\u1eb7t tr\u1eddi, tra\u0301nh \u0111\u00f4ng \u0111a\u0301.<br \/>\n<strong>S\u1ea2N XU\u1ea4T T\u1ea0I:<\/strong><br \/>\nC\u00f4ng ty Medion-Bandung \u2013 West Java, INDONESIA<\/p>\n","protected":false},"excerpt":{"rendered":"<p>V\u1eafc xin s\u1ed1ng\/\u0111\u00f4ng kh\u00f4\/nh\u01b0\u1ee3c \u0111\u1ed9c ph\u00f2ng b\u1ec7nh Vi\u00eam n\u00e3o t\u1ee7y (AE) v\u00e0 b\u1ec7nh \u0110\u1eadu tr\u00ean gia c\u1ea7m<\/p>\n","protected":false},"featured_media":1813,"comment_status":"open","ping_status":"closed","template":"","meta":[],"dang_san_pham":[119],"product_brand":[],"product_cat":[59,61,65,91],"product_tag":[191,190,189],"class_list":{"0":"post-1812","1":"product","2":"type-product","3":"status-publish","4":"has-post-thumbnail","6":"dang_san_pham-dang-tiem","7":"product_cat-san-pham-cho-ga","8":"product_cat-san-pham-cho-thuy-cam","9":"product_cat-san-pham-cho-vat-nuoi-khac","10":"product_cat-vaccine","11":"product_tag-ae-pox","12":"product_tag-vaccine-ae-pox","13":"product_tag-vaccine-medivac-ae-pox","15":"first","16":"instock","17":"shipping-taxable","18":"product-type-simple"},"acf":[],"_links":{"self":[{"href":"https:\/\/greenvet.sharecode.io.vn\/index.php?rest_route=\/wp\/v2\/product\/1812","targetHints":{"allow":["GET"]}}],"collection":[{"href":"https:\/\/greenvet.sharecode.io.vn\/index.php?rest_route=\/wp\/v2\/product"}],"about":[{"href":"https:\/\/greenvet.sharecode.io.vn\/index.php?rest_route=\/wp\/v2\/types\/product"}],"replies":[{"embeddable":true,"href":"https:\/\/greenvet.sharecode.io.vn\/index.php?rest_route=%2Fwp%2Fv2%2Fcomments&post=1812"}],"wp:featuredmedia":[{"embeddable":true,"href":"https:\/\/greenvet.sharecode.io.vn\/index.php?rest_route=\/wp\/v2\/media\/1813"}],"wp:attachment":[{"href":"https:\/\/greenvet.sharecode.io.vn\/index.php?rest_route=%2Fwp%2Fv2%2Fmedia&parent=1812"}],"wp:term":[{"taxonomy":"dang_san_pham","embeddable":true,"href":"https:\/\/greenvet.sharecode.io.vn\/index.php?rest_route=%2Fwp%2Fv2%2Fdang_san_pham&post=1812"},{"taxonomy":"product_brand","embeddable":true,"href":"https:\/\/greenvet.sharecode.io.vn\/index.php?rest_route=%2Fwp%2Fv2%2Fproduct_brand&post=1812"},{"taxonomy":"product_cat","embeddable":true,"href":"https:\/\/greenvet.sharecode.io.vn\/index.php?rest_route=%2Fwp%2Fv2%2Fproduct_cat&post=1812"},{"taxonomy":"product_tag","embeddable":true,"href":"https:\/\/greenvet.sharecode.io.vn\/index.php?rest_route=%2Fwp%2Fv2%2Fproduct_tag&post=1812"}],"curies":[{"name":"wp","href":"https:\/\/api.w.org\/{rel}","templated":true}]}}