{"id":2396,"date":"2022-11-07T00:03:10","date_gmt":"2022-11-06T17:03:10","guid":{"rendered":"https:\/\/greenvet.sharecode.io.vn\/?post_type=product&#038;p=2396"},"modified":"2022-11-10T17:33:54","modified_gmt":"2022-11-10T10:33:54","slug":"coli-200","status":"publish","type":"product","link":"https:\/\/greenvet.sharecode.io.vn\/?product=coli-200","title":{"rendered":"Coli-200"},"content":{"rendered":"<p><strong>TH\u00c0NH PH\u1ea6N:<\/strong><\/p>\n<p>M\u1ed7i g ch\u1ee9a<br \/>\nColistin sulphate&#8230;&#8230;&#8230;&#8230;&#8230;\u2026&#8230;&#8230;500.000 UI<br \/>\nTrimethoprim&#8230;&#8230;&#8230;&#8230;&#8230;&#8230;&#8230;37,5 mg<\/p>\n<p><strong>C\u00d4NG D\u1ee4NG:<\/strong><\/p>\n<p>Ch\u1ee7 tr\u1ecb c\u00e1c b\u1ec7nh ti\u00eau ch\u1ea3y tr\u00ean gia s\u00fac, gia c\u1ea7m nh\u01b0 E.coli, th\u01b0\u01a1ng h\u00e0n, b\u1ec7nh ph\u00e2n xanh, ph\u00e2n tr\u1eafng, vi\u00eam ru\u1ed9t ho\u1ea1i t\u1eed, ph\u00e2n tr\u1eafng heo con v\u00e0 c\u00e1c b\u1ec7nh nhi\u1ec5m khu\u1ea9n \u0111\u01b0\u1eddng ti\u00eau h\u00f3a kh\u00e1c.<\/p>\n<p><strong>C\u00c1CH D\u00d9NG:<\/strong><\/p>\n<p>Pha n\u01b0\u1edbc u\u1ed1ng ho\u1eb7c tr\u1ed9n v\u00e0o th\u1ee9c \u0103n.<br \/>\n-V\u1edbi g\u00e0, v\u1ecbt, ngan, c\u00fat: Li\u1ec1u tr\u1ecb: 1 g\/1 l\u00edt n\u01b0\u1edbc u\u1ed1ng, t\u01b0\u01a1ng \u0111\u01b0\u01a1ng 100 g\/500 kg TT\/ng\u00e0y, d\u00f9ng trong 3-5 ng\u00e0y.<br \/>\n-V\u1edbi heo, b\u00ea, ngh\u00e9: Li\u1ec1u tr\u1ecb: 100 g\/500 kg TT\/ng\u00e0y, d\u00f9ng trong 3-5 ng\u00e0y<\/p>\n<p><strong>QUY C\u00c1CH:<\/strong><\/p>\n<p>G\u00f3i 10g, 100g, 1kg (10x100g)<\/p>\n<p><strong>S\u1ea2N XU\u1ea4T T\u1ea0I:<\/strong><\/p>\n<p>C\u00f4ng ty Medion Vi\u1ec7t Nam<\/p>\n","protected":false},"excerpt":{"rendered":"<p>Ch\u1ee7 tr\u1ecb ti\u00eau ch\u1ea3y tr\u00ean gia s\u00fac, gia c\u1ea7m<\/p>\n","protected":false},"featured_media":2399,"comment_status":"open","ping_status":"closed","template":"","meta":[],"dang_san_pham":[118],"product_brand":[],"product_cat":[74,79,78,77,81,83,62,59,60,61,65],"product_tag":[215,147],"class_list":{"0":"post-2396","1":"product","2":"type-product","3":"status-publish","4":"has-post-thumbnail","6":"dang_san_pham-dang-bot-tan","7":"product_cat-khang-sinh","8":"product_cat-khang-sinh-cho-dai-gia-suc","9":"product_cat-khang-sinh-cho-ga","10":"product_cat-khang-sinh-cho-heo","11":"product_cat-khang-sinh-cho-thuy-cam","12":"product_cat-khang-sinh-cho-vat-nuoi-khac","13":"product_cat-san-pham-cho-dai-gia-suc","14":"product_cat-san-pham-cho-ga","15":"product_cat-san-pham-cho-heo","16":"product_cat-san-pham-cho-thuy-cam","17":"product_cat-san-pham-cho-vat-nuoi-khac","18":"product_tag-coli","19":"product_tag-coli-200","21":"first","22":"instock","23":"shipping-taxable","24":"product-type-simple"},"acf":[],"_links":{"self":[{"href":"https:\/\/greenvet.sharecode.io.vn\/index.php?rest_route=\/wp\/v2\/product\/2396","targetHints":{"allow":["GET"]}}],"collection":[{"href":"https:\/\/greenvet.sharecode.io.vn\/index.php?rest_route=\/wp\/v2\/product"}],"about":[{"href":"https:\/\/greenvet.sharecode.io.vn\/index.php?rest_route=\/wp\/v2\/types\/product"}],"replies":[{"embeddable":true,"href":"https:\/\/greenvet.sharecode.io.vn\/index.php?rest_route=%2Fwp%2Fv2%2Fcomments&post=2396"}],"wp:featuredmedia":[{"embeddable":true,"href":"https:\/\/greenvet.sharecode.io.vn\/index.php?rest_route=\/wp\/v2\/media\/2399"}],"wp:attachment":[{"href":"https:\/\/greenvet.sharecode.io.vn\/index.php?rest_route=%2Fwp%2Fv2%2Fmedia&parent=2396"}],"wp:term":[{"taxonomy":"dang_san_pham","embeddable":true,"href":"https:\/\/greenvet.sharecode.io.vn\/index.php?rest_route=%2Fwp%2Fv2%2Fdang_san_pham&post=2396"},{"taxonomy":"product_brand","embeddable":true,"href":"https:\/\/greenvet.sharecode.io.vn\/index.php?rest_route=%2Fwp%2Fv2%2Fproduct_brand&post=2396"},{"taxonomy":"product_cat","embeddable":true,"href":"https:\/\/greenvet.sharecode.io.vn\/index.php?rest_route=%2Fwp%2Fv2%2Fproduct_cat&post=2396"},{"taxonomy":"product_tag","embeddable":true,"href":"https:\/\/greenvet.sharecode.io.vn\/index.php?rest_route=%2Fwp%2Fv2%2Fproduct_tag&post=2396"}],"curies":[{"name":"wp","href":"https:\/\/api.w.org\/{rel}","templated":true}]}}