{"id":2596,"date":"2022-11-08T10:02:20","date_gmt":"2022-11-08T03:02:20","guid":{"rendered":"https:\/\/greenvet.sharecode.io.vn\/?post_type=product&#038;p=2596"},"modified":"2022-11-11T09:47:08","modified_gmt":"2022-11-11T02:47:08","slug":"otc-max","status":"publish","type":"product","link":"https:\/\/greenvet.sharecode.io.vn\/?product=otc-max","title":{"rendered":"OTC-Max"},"content":{"rendered":"<p><strong>TH\u00c0NH PH\u1ea6N:<\/strong><\/p>\n<p>Trong 1 g c\u00f3 ch\u1ee9a:<br \/>\nOxytetracycline hydrochloride\u2026\u2026\u2026..800 mg<\/p>\n<p><strong>C\u00d4NG D\u1ee4NG:<\/strong><\/p>\n<p>Ph\u00f2ng v\u00e0 tr\u1ecb c\u00e1c b\u1ec7nh nhi\u1ec5m khu\u1ea9n \u0111\u01b0\u1eddng h\u00f4 h\u1ea5p v\u00e0 ti\u00eau ho\u00e1 tr\u00ean gia s\u00fac, gia c\u1ea7m nh\u01b0 vi\u00eam ru\u1ed9t ti\u00eau ch\u1ea3y, ho th\u1edf, t\u1ee5 huy\u1ebft tr\u00f9ng. Kh\u00e1ng sinh h\u00e0m l\u01b0\u1ee3ng cao, an to\u00e0n, d\u00f9ng trong ph\u00f2ng b\u1ec7nh \u0111\u1ecbnh k\u1ef3, c\u00e1c tr\u01b0\u1eddng h\u1ee3p ti\u00eau ch\u1ea3y m\u00e3n t\u00ednh kh\u00f4ng r\u00f5 nguy\u00ean nh\u00e2n.<\/p>\n<p><strong>C\u00c1CH D\u00d9NG:<\/strong><\/p>\n<p>Pha n\u01b0\u1edbc u\u1ed1ng ho\u1eb7c tr\u1ed9n th\u1ee9c \u0103n<\/p>\n<ul>\n<li>Heo: Tr\u1ed9n th\u1ee9c \u0103n, li\u1ec1u tr\u1ecb 600 g\/t\u1ea5n th\u1ee9c \u0103n d\u00f9ng 4-5 ng\u00e0y li\u00ean t\u1ee5c.<\/li>\n<li>Gia c\u1ea7m: 1 g\/4 l\u00edt n\u01b0\u1edbc u\u1ed1ng ho\u1eb7c 1 g\/20 kg TT\/ng\u00e0y, d\u00f9ng trong 3-7 ng\u00e0y li\u00ean t\u1ee5c.<\/li>\n<li>Li\u1ec1u ph\u00f2ng: 1 g\/8 l\u00edt n\u01b0\u1edbc u\u1ed1ng ho\u1eb7c 1 g\/40 kg TT\/ng\u00e0y, d\u00f9ng trong 3-7 ng\u00e0y li\u00ean t\u1ee5c.<\/li>\n<\/ul>\n<p><strong>QUY C\u00c1CH:<\/strong><\/p>\n<p>G\u00f3i 1kg (10x100g)<\/p>\n<p><strong>S\u1ea2N XU\u1ea4T T\u1ea0I:<\/strong><\/p>\n<p>C\u00f4ng ty Medion Vi\u1ec7t Nam<\/p>\n","protected":false},"excerpt":{"rendered":"<p>Kh\u00e1ng sinh l\u00e0m l\u01b0\u01a1ng cao, an to\u00e0n, d\u00f9ng ph\u00f2ng b\u1ec7nh \u0111\u1ecbnh k\u1ef3<\/p>\n","protected":false},"featured_media":2597,"comment_status":"open","ping_status":"closed","template":"","meta":[],"dang_san_pham":[118],"product_brand":[],"product_cat":[74,78,77,81,83,59,60,61,65],"product_tag":[246,245],"class_list":{"0":"post-2596","1":"product","2":"type-product","3":"status-publish","4":"has-post-thumbnail","6":"dang_san_pham-dang-bot-tan","7":"product_cat-khang-sinh","8":"product_cat-khang-sinh-cho-ga","9":"product_cat-khang-sinh-cho-heo","10":"product_cat-khang-sinh-cho-thuy-cam","11":"product_cat-khang-sinh-cho-vat-nuoi-khac","12":"product_cat-san-pham-cho-ga","13":"product_cat-san-pham-cho-heo","14":"product_cat-san-pham-cho-thuy-cam","15":"product_cat-san-pham-cho-vat-nuoi-khac","16":"product_tag-otc","17":"product_tag-otc-max","19":"first","20":"instock","21":"shipping-taxable","22":"product-type-simple"},"acf":[],"_links":{"self":[{"href":"https:\/\/greenvet.sharecode.io.vn\/index.php?rest_route=\/wp\/v2\/product\/2596","targetHints":{"allow":["GET"]}}],"collection":[{"href":"https:\/\/greenvet.sharecode.io.vn\/index.php?rest_route=\/wp\/v2\/product"}],"about":[{"href":"https:\/\/greenvet.sharecode.io.vn\/index.php?rest_route=\/wp\/v2\/types\/product"}],"replies":[{"embeddable":true,"href":"https:\/\/greenvet.sharecode.io.vn\/index.php?rest_route=%2Fwp%2Fv2%2Fcomments&post=2596"}],"wp:featuredmedia":[{"embeddable":true,"href":"https:\/\/greenvet.sharecode.io.vn\/index.php?rest_route=\/wp\/v2\/media\/2597"}],"wp:attachment":[{"href":"https:\/\/greenvet.sharecode.io.vn\/index.php?rest_route=%2Fwp%2Fv2%2Fmedia&parent=2596"}],"wp:term":[{"taxonomy":"dang_san_pham","embeddable":true,"href":"https:\/\/greenvet.sharecode.io.vn\/index.php?rest_route=%2Fwp%2Fv2%2Fdang_san_pham&post=2596"},{"taxonomy":"product_brand","embeddable":true,"href":"https:\/\/greenvet.sharecode.io.vn\/index.php?rest_route=%2Fwp%2Fv2%2Fproduct_brand&post=2596"},{"taxonomy":"product_cat","embeddable":true,"href":"https:\/\/greenvet.sharecode.io.vn\/index.php?rest_route=%2Fwp%2Fv2%2Fproduct_cat&post=2596"},{"taxonomy":"product_tag","embeddable":true,"href":"https:\/\/greenvet.sharecode.io.vn\/index.php?rest_route=%2Fwp%2Fv2%2Fproduct_tag&post=2596"}],"curies":[{"name":"wp","href":"https:\/\/api.w.org\/{rel}","templated":true}]}}