{"id":2614,"date":"2022-11-08T11:24:56","date_gmt":"2022-11-08T04:24:56","guid":{"rendered":"https:\/\/greenvet.sharecode.io.vn\/?post_type=product&#038;p=2614"},"modified":"2022-11-11T11:47:34","modified_gmt":"2022-11-11T04:47:34","slug":"enflox-20-solution","status":"publish","type":"product","link":"https:\/\/greenvet.sharecode.io.vn\/?product=enflox-20-solution","title":{"rendered":"Enflox 20% Solution"},"content":{"rendered":"<p><strong>TH\u00c0NH PH\u1ea6N:<\/strong><\/p>\n<p>Trong 1 ml c\u00f3 ch\u1ee9a: Enrofloxacin&#8230;&#8230;&#8230;&#8230;&#8230;&#8230;&#8230;&#8230;&#8230;&#8230;&#8230;&#8230;&#8230;..200 mg<\/p>\n<p><strong>C\u00d4NG D\u1ee4NG:<\/strong><\/p>\n<p>\u0110\u1eb7c tr\u1ecb c\u00e1c b\u1ec7nh vi\u00eam ru\u1ed9t, ti\u00eau ch\u1ea3y, ph\u00e2n xanh, ph\u00e2n tr\u1eafng, ph\u00e2n nh\u1edbt v\u00e0ng, E.coli k\u00e9o m\u00e0ng, hen, kh\u00f3 th\u1edf v\u1ea9y m\u1ecf, vi\u00eam t\u00fai kh\u00ed do hen (CRD), hen gh\u00e9p (CCRD).<\/p>\n<p><strong>C\u00c1CH D\u00d9NG:<\/strong><\/p>\n<p>Pha n\u01b0\u1edbc u\u1ed1ng, d\u00f9ng li\u00ean t\u1ee5c 3-5 ng\u00e0y<\/p>\n<ul>\n<li>G\u00e0, v\u1ecbt, ngan, c\u00fat: 1 ml\/4 l\u00edt n\u01b0\u1edbc u\u1ed1ng\/ng\u00e0y ho\u1eb7c 1 ml\/20 kg th\u1ec3 tr\u1ecdng\/ng\u00e0y<\/li>\n<li>Heo: 1 ml\/2-6 l\u00edt n\u01b0\u1edbc u\u1ed1ng ho\u1eb7c 1 ml\/20-30 kg th\u1ec3 tr\u1ecdng\/ng\u00e0y<\/li>\n<li>B\u00ea, ngh\u00e9, c\u1eebu, d\u00ea: 1 ml\/15-30 kg th\u1ec3 tr\u1ecdng, d\u00f9ng 2 l\u1ea7n\/ng\u00e0y<\/li>\n<\/ul>\n<p><strong>QUY C\u00c1CH:<\/strong><\/p>\n<p>Chai 100ml, 1lit<\/p>\n<p><strong>S\u1ea2N XU\u1ea4T T\u1ea0I:<\/strong><\/p>\n<p>C\u00f4ng ty Medion Vi\u1ec7t Nam<\/p>\n","protected":false},"excerpt":{"rendered":"<p>\u0110\u1eb7c tr\u1ecb c\u00e1c b\u1ec7nh vi\u00eam ru\u1ed9t, ti\u00eau ch\u1ea3y, ph\u00e2n xanh, ph\u00e2n tr\u1eafng, ph\u00e2n nh\u1edbt v\u00e0ng&#8230;<\/p>\n","protected":false},"featured_media":2615,"comment_status":"open","ping_status":"closed","template":"","meta":[],"dang_san_pham":[117],"product_brand":[],"product_cat":[74,79,78,77,81,83,62,59,60,61,65],"product_tag":[207,267],"class_list":{"0":"post-2614","1":"product","2":"type-product","3":"status-publish","4":"has-post-thumbnail","6":"dang_san_pham-dang-dung-dich","7":"product_cat-khang-sinh","8":"product_cat-khang-sinh-cho-dai-gia-suc","9":"product_cat-khang-sinh-cho-ga","10":"product_cat-khang-sinh-cho-heo","11":"product_cat-khang-sinh-cho-thuy-cam","12":"product_cat-khang-sinh-cho-vat-nuoi-khac","13":"product_cat-san-pham-cho-dai-gia-suc","14":"product_cat-san-pham-cho-ga","15":"product_cat-san-pham-cho-heo","16":"product_cat-san-pham-cho-thuy-cam","17":"product_cat-san-pham-cho-vat-nuoi-khac","18":"product_tag-enflox","19":"product_tag-enflox-20-solution","21":"first","22":"instock","23":"shipping-taxable","24":"product-type-simple"},"acf":[],"_links":{"self":[{"href":"https:\/\/greenvet.sharecode.io.vn\/index.php?rest_route=\/wp\/v2\/product\/2614","targetHints":{"allow":["GET"]}}],"collection":[{"href":"https:\/\/greenvet.sharecode.io.vn\/index.php?rest_route=\/wp\/v2\/product"}],"about":[{"href":"https:\/\/greenvet.sharecode.io.vn\/index.php?rest_route=\/wp\/v2\/types\/product"}],"replies":[{"embeddable":true,"href":"https:\/\/greenvet.sharecode.io.vn\/index.php?rest_route=%2Fwp%2Fv2%2Fcomments&post=2614"}],"wp:featuredmedia":[{"embeddable":true,"href":"https:\/\/greenvet.sharecode.io.vn\/index.php?rest_route=\/wp\/v2\/media\/2615"}],"wp:attachment":[{"href":"https:\/\/greenvet.sharecode.io.vn\/index.php?rest_route=%2Fwp%2Fv2%2Fmedia&parent=2614"}],"wp:term":[{"taxonomy":"dang_san_pham","embeddable":true,"href":"https:\/\/greenvet.sharecode.io.vn\/index.php?rest_route=%2Fwp%2Fv2%2Fdang_san_pham&post=2614"},{"taxonomy":"product_brand","embeddable":true,"href":"https:\/\/greenvet.sharecode.io.vn\/index.php?rest_route=%2Fwp%2Fv2%2Fproduct_brand&post=2614"},{"taxonomy":"product_cat","embeddable":true,"href":"https:\/\/greenvet.sharecode.io.vn\/index.php?rest_route=%2Fwp%2Fv2%2Fproduct_cat&post=2614"},{"taxonomy":"product_tag","embeddable":true,"href":"https:\/\/greenvet.sharecode.io.vn\/index.php?rest_route=%2Fwp%2Fv2%2Fproduct_tag&post=2614"}],"curies":[{"name":"wp","href":"https:\/\/api.w.org\/{rel}","templated":true}]}}