{"id":2628,"date":"2022-11-08T13:43:46","date_gmt":"2022-11-08T06:43:46","guid":{"rendered":"https:\/\/greenvet.sharecode.io.vn\/?post_type=product&#038;p=2628"},"modified":"2022-11-10T11:15:39","modified_gmt":"2022-11-10T04:15:39","slug":"feron-plus-inj","status":"publish","type":"product","link":"https:\/\/greenvet.sharecode.io.vn\/?product=feron-plus-inj","title":{"rendered":"Feron-plus inj"},"content":{"rendered":"<p><strong>TH\u00c0NH PH\u1ea6N:<\/strong><\/p>\n<p>Trong 1 ml c\u00f3:<br \/>\nFe (S\u1eaft dextran)\u2026\u2026\u2026..\u2026. 100 mg<br \/>\nVitamin B12\u2026\u2026\u2026\u2026\u2026\u2026. 200 \u00b5g<\/p>\n<p><strong>C\u00d4NG D\u1ee4NG:<\/strong><\/p>\n<p>Ph\u00f2ng v\u00e0 tr\u1ecb b\u1ec7nh thi\u1ebfu m\u00e1u do thi\u1ebfu s\u1eaft (da, ni\u00eam m\u1ea1c nh\u1ee3t nh\u1ea1t, xanh xao) ho\u1eb7c m\u1ea5t m\u00e1u (ph\u1eabu thu\u1eadt,<br \/>\nb\u1ec7nh k\u00fd sinh tr\u00f9ng, dinh d\u01b0\u1ee1ng k\u00e9m\u2026) \u1edf heo con v\u00e0 b\u00ea, ngh\u00e9, ch\u00f3 m\u00e8o<\/p>\n<p><strong>C\u00c1CH D\u00d9NG:<\/strong><\/p>\n<p>Heo con: Ti\u00eam b\u1eafp, li\u1ec1u 1 ml\/com, m\u1ed9t li\u1ec1u duy nh\u1ea5t \u1edf 3 ng\u00e0y tu\u1ed5i<br \/>\nB\u00ea, ngh\u00e9, ch\u00f3, m\u00e8o: Ti\u00eam d\u01b0\u1edbi da, li\u1ec1u 2-4 ml\/con, li\u1ec1u duy nh\u1ea5t trong tu\u1ea7n \u0111\u1ea7u ti\u00ean<\/p>\n<p><strong>QUY C\u00c1CH:<\/strong><\/p>\n<p>Chai 20ml, 100 ml<\/p>\n<p><strong>S\u1ea2N XU\u1ea4T T\u1ea0I:<\/strong><\/p>\n<p>C\u00f4ng ty Medion Vi\u1ec7t Nam<\/p>\n","protected":false},"excerpt":{"rendered":"<p>B\u1ed5 sung s\u1eaft ti\u00eam, vitamin<\/p>\n","protected":false},"featured_media":2630,"comment_status":"open","ping_status":"closed","template":"","meta":[],"dang_san_pham":[119],"product_brand":[],"product_cat":[75,62,60,64,114],"product_tag":[275,276,274],"class_list":{"0":"post-2628","1":"product","2":"type-product","3":"status-publish","4":"has-post-thumbnail","6":"dang_san_pham-dang-tiem","7":"product_cat-san-pham-bo-tro","8":"product_cat-san-pham-cho-dai-gia-suc","9":"product_cat-san-pham-cho-heo","10":"product_cat-san-pham-cho-thu-cung","11":"product_cat-thuoc-thu-y","12":"product_tag-feron","13":"product_tag-feron-plus","14":"product_tag-feron-plus-inj","16":"first","17":"instock","18":"shipping-taxable","19":"product-type-simple"},"acf":[],"_links":{"self":[{"href":"https:\/\/greenvet.sharecode.io.vn\/index.php?rest_route=\/wp\/v2\/product\/2628","targetHints":{"allow":["GET"]}}],"collection":[{"href":"https:\/\/greenvet.sharecode.io.vn\/index.php?rest_route=\/wp\/v2\/product"}],"about":[{"href":"https:\/\/greenvet.sharecode.io.vn\/index.php?rest_route=\/wp\/v2\/types\/product"}],"replies":[{"embeddable":true,"href":"https:\/\/greenvet.sharecode.io.vn\/index.php?rest_route=%2Fwp%2Fv2%2Fcomments&post=2628"}],"wp:featuredmedia":[{"embeddable":true,"href":"https:\/\/greenvet.sharecode.io.vn\/index.php?rest_route=\/wp\/v2\/media\/2630"}],"wp:attachment":[{"href":"https:\/\/greenvet.sharecode.io.vn\/index.php?rest_route=%2Fwp%2Fv2%2Fmedia&parent=2628"}],"wp:term":[{"taxonomy":"dang_san_pham","embeddable":true,"href":"https:\/\/greenvet.sharecode.io.vn\/index.php?rest_route=%2Fwp%2Fv2%2Fdang_san_pham&post=2628"},{"taxonomy":"product_brand","embeddable":true,"href":"https:\/\/greenvet.sharecode.io.vn\/index.php?rest_route=%2Fwp%2Fv2%2Fproduct_brand&post=2628"},{"taxonomy":"product_cat","embeddable":true,"href":"https:\/\/greenvet.sharecode.io.vn\/index.php?rest_route=%2Fwp%2Fv2%2Fproduct_cat&post=2628"},{"taxonomy":"product_tag","embeddable":true,"href":"https:\/\/greenvet.sharecode.io.vn\/index.php?rest_route=%2Fwp%2Fv2%2Fproduct_tag&post=2628"}],"curies":[{"name":"wp","href":"https:\/\/api.w.org\/{rel}","templated":true}]}}