{"id":2646,"date":"2022-11-08T15:18:23","date_gmt":"2022-11-08T08:18:23","guid":{"rendered":"https:\/\/greenvet.sharecode.io.vn\/?post_type=product&#038;p=2646"},"modified":"2022-11-10T11:08:03","modified_gmt":"2022-11-10T04:08:03","slug":"b-complex","status":"publish","type":"product","link":"https:\/\/greenvet.sharecode.io.vn\/?product=b-complex","title":{"rendered":"B-Complex"},"content":{"rendered":"<p><strong>TH\u00c0NH PH\u1ea6N:<\/strong><\/p>\n<p>Trong 1 kg c\u00f3 ch\u1ee9a:<br \/>\nVitamin B1(min) 2.400 mg; Vitamin B2 (min) 4.800 mg; Vitamin B3(min) 9.000 mg; Vitamin B5 (min) 6.000 mg; Vitamin B6 (min) 1.800 mg; Vitamin C (min) 6.000 mg; Vitamin B12 (min) 12.000 \u00b5g; Biotin (min) 18.000 \u00b5g; Folic acid (min) 300 mg<\/p>\n<p><strong>C\u00d4NG D\u1ee4NG:<\/strong><\/p>\n<p>G\u00e0, v\u1ecbt, ngan, c\u00fat: K\u00edch th\u00edch th\u00e8m \u0103n, gi\u00fap ti\u00eau h\u00f3a t\u1ed1t, t\u0103ng tr\u1ecdng nhanh, t\u0103ng \u0111\u1ed9 \u0111\u1ed3ng \u0111\u1ec1u, t\u0103ng n\u0103ng su\u1ea5t, m\u1ecdc l\u00f4ng nhanh, ch\u1ed1ng m\u1ed5 c\u1eafn, ch\u1ed1ng stress, b\u1ed3i b\u1ed5 c\u01a1 th\u1ec3, nhanh ch\u00f3ng h\u1ed3i ph\u1ee5c khi m\u1ee9c b\u1ec7nh,<br \/>\ngi\u00fap t\u0103ng s\u1ea3n l\u01b0\u1ee3ng tr\u1ee9ng cho g\u00e0 \u0111\u1ebb<br \/>\nHeo n\u00e1i: \u0110\u1ebb sai, heo con kh\u1ecfe<br \/>\nHeo th\u1ecbt: \u0102n kh\u1ecfe, l\u1edbn nhanh, da h\u1ed3ng h\u00e0o, ch\u1ed1ng stress, c\u00f2i c\u1ecdc, thi\u1ebfu m\u00e1u<\/p>\n<p><strong>C\u00c1CH D\u00d9NG:<\/strong><\/p>\n<p>Pha n\u01b0\u1edbc u\u1ed1ng ho\u1eb7c tr\u1ed9n th\u1ee9c \u0103n:<br \/>\n&#8211; G\u00e0, v\u1ecbt, ngan, c\u00fat: 1 g\/ 1 l\u00edt n\u01b0\u1edbc u\u1ed1ng ho\u1eb7c tr\u1ed9n th\u1ee9c \u0103n 2 kg\/th\u1ee9c \u0103n.<br \/>\n&#8211; Heo: 5-10 g\/con\/ng\u00e0y.<\/p>\n<p><strong>QUY C\u00c1CH:<\/strong><\/p>\n<p>G\u00f3i 1kg (10x100g)<\/p>\n<p><strong>S\u1ea2N XU\u1ea4T T\u1ea0I:<\/strong><\/p>\n<p>C\u00f4ng ty Medion Vi\u1ec7t Nam<\/p>\n","protected":false},"excerpt":{"rendered":"<p>K\u00edch th\u00edch t\u00ednh th\u00e8m \u0103n, t\u0103ng tr\u1ecdng nhanh, kich th\u00edch m\u1ecdc l\u00f4ng&#8230;<\/p>\n","protected":false},"featured_media":2647,"comment_status":"open","ping_status":"closed","template":"","meta":[],"dang_san_pham":[118],"product_brand":[],"product_cat":[75,59,60,61,65,114],"product_tag":[288,287],"class_list":{"0":"post-2646","1":"product","2":"type-product","3":"status-publish","4":"has-post-thumbnail","6":"dang_san_pham-dang-bot-tan","7":"product_cat-san-pham-bo-tro","8":"product_cat-san-pham-cho-ga","9":"product_cat-san-pham-cho-heo","10":"product_cat-san-pham-cho-thuy-cam","11":"product_cat-san-pham-cho-vat-nuoi-khac","12":"product_cat-thuoc-thu-y","13":"product_tag-b-complex","14":"product_tag-b-complex-1kg","16":"first","17":"instock","18":"shipping-taxable","19":"product-type-simple"},"acf":[],"_links":{"self":[{"href":"https:\/\/greenvet.sharecode.io.vn\/index.php?rest_route=\/wp\/v2\/product\/2646","targetHints":{"allow":["GET"]}}],"collection":[{"href":"https:\/\/greenvet.sharecode.io.vn\/index.php?rest_route=\/wp\/v2\/product"}],"about":[{"href":"https:\/\/greenvet.sharecode.io.vn\/index.php?rest_route=\/wp\/v2\/types\/product"}],"replies":[{"embeddable":true,"href":"https:\/\/greenvet.sharecode.io.vn\/index.php?rest_route=%2Fwp%2Fv2%2Fcomments&post=2646"}],"wp:featuredmedia":[{"embeddable":true,"href":"https:\/\/greenvet.sharecode.io.vn\/index.php?rest_route=\/wp\/v2\/media\/2647"}],"wp:attachment":[{"href":"https:\/\/greenvet.sharecode.io.vn\/index.php?rest_route=%2Fwp%2Fv2%2Fmedia&parent=2646"}],"wp:term":[{"taxonomy":"dang_san_pham","embeddable":true,"href":"https:\/\/greenvet.sharecode.io.vn\/index.php?rest_route=%2Fwp%2Fv2%2Fdang_san_pham&post=2646"},{"taxonomy":"product_brand","embeddable":true,"href":"https:\/\/greenvet.sharecode.io.vn\/index.php?rest_route=%2Fwp%2Fv2%2Fproduct_brand&post=2646"},{"taxonomy":"product_cat","embeddable":true,"href":"https:\/\/greenvet.sharecode.io.vn\/index.php?rest_route=%2Fwp%2Fv2%2Fproduct_cat&post=2646"},{"taxonomy":"product_tag","embeddable":true,"href":"https:\/\/greenvet.sharecode.io.vn\/index.php?rest_route=%2Fwp%2Fv2%2Fproduct_tag&post=2646"}],"curies":[{"name":"wp","href":"https:\/\/api.w.org\/{rel}","templated":true}]}}