{"id":2673,"date":"2022-11-08T17:05:00","date_gmt":"2022-11-08T10:05:00","guid":{"rendered":"https:\/\/greenvet.sharecode.io.vn\/?post_type=product&#038;p=2673"},"modified":"2022-11-08T17:05:47","modified_gmt":"2022-11-08T10:05:47","slug":"super-egg","status":"publish","type":"product","link":"https:\/\/greenvet.sharecode.io.vn\/?product=super-egg","title":{"rendered":"Super-Egg"},"content":{"rendered":"<p><strong>TH\u00c0NH PH\u1ea6N:<\/strong><\/p>\n<p>Trong 1 kg ch\u1ee9a:<br \/>\nOxytetracycline HCl 60 g; Vitamin A 6.000.000 UI; Vitamin E 2.000 UI; Vitamin D3 1.000.000 UI;; Vitamin K3 1.000 mg; Vitamin B1 2.000 mg; Vitamin B2 5.000 mg; Vitamin B6 1.000 mg; Vitamin B12 2mg; Vitamin C 20.000 mg; Calcium-D-pantothenate 4.800 mg; Niaciamide 15.000 mg; Folic acid 250 mg; Biotin 15.000 mcg<\/p>\n<p><strong>C\u00d4NG D\u1ee4NG:<\/strong><\/p>\n<p>K\u00edch tr\u1ee9ng, \u0111\u1ebb sai, k\u00e9o d\u00e0i chu k\u1ef3 \u0111\u1ebb tr\u1ee9ng.<br \/>\nTr\u1ee9ng \u0111\u1eb9p, v\u1ecf d\u1ea7y, gi\u1ea3m tr\u1ee9ng non, t\u0103ng ph\u00f4i, t\u0103ng t\u1ef7 l\u1ec7 \u1ea5p n\u1edf.<br \/>\nCh\u1ed1ng m\u1ed5 c\u1eafn, b\u1ea1i li\u1ec7t, lo\u00e9t gan b\u00e0n ch\u00e2n, k\u00edch th\u00edch m\u1ecdc l\u00f4ng.<br \/>\nT\u0103ng c\u01b0\u1eddng s\u1ee9c kh\u1ecfe, ch\u1ed1ng stress, b\u1ea3o v\u1ec7 cho g\u00e0 \u0111\u1ebb khi thay \u0111\u1ed5i th\u1eddi ti\u1ebft, ch\u1ee7ng vaccine, c\u1eaft m\u1ecf, chuy\u1ec3n chu\u1ed3ng&#8230;.<\/p>\n<p><strong>C\u00c1CH D\u00d9NG:<\/strong><\/p>\n<p>Pha n\u01b0\u1edbc cho u\u1ed1ng ho\u1eb7c tr\u1ed9n th\u1ee9c \u0103n.<br \/>\nLi\u1ec1u 1 g\/5 l\u00edt n\u01b0\u1edbc u\u1ed1ng d\u00f9ng duy tr\u00ec khi g\u00e0 \u0111ang \u0111\u1ebb \u0111\u1ec9nh cao.<br \/>\nLi\u1ec1u 1 g\/l\u00edt d\u00f9ng khi g\u00e0 b\u1ecb \u1ed1m, stress, d\u00f9ng \u0111\u1ec3 n\u00e2ng cao s\u1ea3n l\u01b0\u1ee3ng tr\u1ee9ng<\/p>\n<p><strong>QUY C\u00c1CH:<\/strong><\/p>\n<p>G\u00f3i 1kg (10x100g)<\/p>\n<p><strong>S\u1ea2N XU\u1ea4T T\u1ea0I:<\/strong><\/p>\n<p>Nh\u00e0 m\u00e1y MEDION VIETNAM<\/p>\n","protected":false},"excerpt":{"rendered":"<p>\u0110\u1ebb nhi\u1ec1u, \u0111\u1ebb b\u1ec1n , tr\u1ee9ng \u0111\u1eb9p<\/p>\n","protected":false},"featured_media":2674,"comment_status":"open","ping_status":"closed","template":"","meta":[],"dang_san_pham":[118],"product_brand":[],"product_cat":[75,59,73],"product_tag":[308,307,306,309],"class_list":{"0":"post-2673","1":"product","2":"type-product","3":"status-publish","4":"has-post-thumbnail","6":"dang_san_pham-dang-bot-tan","7":"product_cat-san-pham-bo-tro","8":"product_cat-san-pham-cho-ga","9":"product_cat-thuoc-sat-trung","10":"product_tag-egg","11":"product_tag-super","12":"product_tag-super-egg","13":"product_tag-super-egg-1kg","15":"first","16":"instock","17":"shipping-taxable","18":"product-type-simple"},"acf":[],"_links":{"self":[{"href":"https:\/\/greenvet.sharecode.io.vn\/index.php?rest_route=\/wp\/v2\/product\/2673","targetHints":{"allow":["GET"]}}],"collection":[{"href":"https:\/\/greenvet.sharecode.io.vn\/index.php?rest_route=\/wp\/v2\/product"}],"about":[{"href":"https:\/\/greenvet.sharecode.io.vn\/index.php?rest_route=\/wp\/v2\/types\/product"}],"replies":[{"embeddable":true,"href":"https:\/\/greenvet.sharecode.io.vn\/index.php?rest_route=%2Fwp%2Fv2%2Fcomments&post=2673"}],"wp:featuredmedia":[{"embeddable":true,"href":"https:\/\/greenvet.sharecode.io.vn\/index.php?rest_route=\/wp\/v2\/media\/2674"}],"wp:attachment":[{"href":"https:\/\/greenvet.sharecode.io.vn\/index.php?rest_route=%2Fwp%2Fv2%2Fmedia&parent=2673"}],"wp:term":[{"taxonomy":"dang_san_pham","embeddable":true,"href":"https:\/\/greenvet.sharecode.io.vn\/index.php?rest_route=%2Fwp%2Fv2%2Fdang_san_pham&post=2673"},{"taxonomy":"product_brand","embeddable":true,"href":"https:\/\/greenvet.sharecode.io.vn\/index.php?rest_route=%2Fwp%2Fv2%2Fproduct_brand&post=2673"},{"taxonomy":"product_cat","embeddable":true,"href":"https:\/\/greenvet.sharecode.io.vn\/index.php?rest_route=%2Fwp%2Fv2%2Fproduct_cat&post=2673"},{"taxonomy":"product_tag","embeddable":true,"href":"https:\/\/greenvet.sharecode.io.vn\/index.php?rest_route=%2Fwp%2Fv2%2Fproduct_tag&post=2673"}],"curies":[{"name":"wp","href":"https:\/\/api.w.org\/{rel}","templated":true}]}}