{"id":2689,"date":"2022-11-09T15:35:39","date_gmt":"2022-11-09T08:35:39","guid":{"rendered":"https:\/\/greenvet.sharecode.io.vn\/?post_type=product&#038;p=2689"},"modified":"2022-11-09T15:35:39","modified_gmt":"2022-11-09T08:35:39","slug":"safe-guard-piglet","status":"publish","type":"product","link":"https:\/\/greenvet.sharecode.io.vn\/?product=safe-guard-piglet","title":{"rendered":"Safe Guard Piglet"},"content":{"rendered":"<p><strong>TH\u00c0NH PH\u1ea6N:<\/strong><\/p>\n<p>M\u1ed7i ml ch\u1ee9a<br \/>\nLactobacillus t\u1ed5ng s\u1ed1 (min)\u2026\u2026\u2026.\u2026106 CFU<br \/>\nBacillus t\u1ed5ng s\u1ed1 (min)\u2026\u2026\u2026\u2026\u2026..\u2026106 CFU<br \/>\nTh\u1ea3o d\u01b0\u1ee3c (qu\u1ebf, h\u1ed3i, h\u01b0\u01a1ng nhu, s\u1ea3)\u2026.20 %<\/p>\n<p><strong>C\u00d4NG D\u1ee4NG:<\/strong><\/p>\n<p>Safe guard piglet v\u1edbi b\u1ea3n ch\u1ea5t l\u00e0 men vi sinh v\u00e0 th\u1ea3o d\u01b0\u1ee3c, kho\u00e1ng \u0111\u1eb7c bi\u1ec7t c\u00f3 kh\u1ea3 n\u0103ng h\u00fat \u1ea9m m\u1ea1nh, s\u00e1t tr\u00f9ng gi\u00fap chu\u1ed3ng nu\u00f4i kh\u00f4 tho\u00e1ng, s\u1ea1ch s\u1ebd, h\u1ea1n ch\u1ebf s\u1ef1 ph\u00e1t tri\u1ec3n c\u1ee7a m\u1ea7m b\u1ec7nh.<br \/>\nHeo con s\u01a1 sinh: Xoa l\u00ean heo con s\u01a1 sinh gi\u00fap gi\u1eef \u1ea5m, nhanh t\u01a1i, kh\u00f4ng c\u1ea7n lau, t\u1ea1o l\u1edbp \u00e1o \u1ea5m, ch\u1ed1ng m\u1ea5t nhi\u1ec7t, t\u1ea1o s\u1ef1 tho\u1ea3i m\u00e1i cho heo con, heo con nhanh bi\u1ebft b\u00fa, t\u1ed1i \u01b0u h\u00f3a s\u1eefa \u0111\u1ea7u, s\u00e1t tr\u00f9ng, h\u1ea1n ch\u1ebf vi\u00eam r\u1ed1n.<br \/>\nHeo n\u00e1i: S\u00e1t tr\u00f9ng \u00e2m h\u1ed9 sau sinh, l\u00e0m kh\u00f4 s\u1ea3n d\u1ecbch, tr\u1ea5n t\u0129nh heo n\u00e1i, ch\u1ed1ng tr\u01a1n tr\u01b0\u1ee3t, vi\u00eam m\u00f3ng, n\u1ee9t m\u00f3ng, g\u00f3p ph\u1ea7n ng\u0103n ch\u1eb7n vi\u00eam v\u00fa, vi\u00eam t\u1eed cung.<br \/>\nHeo th\u1ecbt, gia s\u00fac, gia c\u1ea7m kh\u00e1c: Ch\u1ed1ng c\u1eafn nhau khi nh\u1eadp \u0111\u00e0n, ch\u1ed1ng stress, h\u1ebft m\u00f9i, gi\u1ea3m kh\u00ed ph\u00e1t th\u1ea3i, m\u1ea7m b\u1ec7nh, gi\u00fap chu\u1ed3ng kh\u00f4 r\u00e1o, s\u1ea1ch s\u1ebd, c\u00f9ng v\u1edbi c\u00e1c bi\u1ec7n ph\u00e1p kh\u00e1c h\u1ed7 tr\u1ee3 ph\u00f2ng c\u00e1c v\u1ea5n \u0111\u1ec1 v\u1ec1 h\u00f4 h\u1ea5p, ti\u00eau h\u00f3a.<\/p>\n<p><strong>C\u00c1CH D\u00d9NG:<\/strong><\/p>\n<p>Heo s\u01a1 sinh: Xoa l\u00ean m\u00ecnh heo 1 kg\/10-12 heo<br \/>\nHeo n\u00e1i: S\u00e1t tr\u00f9ng \u00e2m h\u1ed9 sau khi sinh<br \/>\nHeo th\u1ecbt, gia s\u00fac, gia c\u1ea7m kh\u00e1c: 1 kh\/10 m2 chu\u1ed3ng nu\u00f4i, 1-2 l\u1ea7n\/tu\u1ea7n<\/p>\n<p><strong>QUY C\u00c1CH:<\/strong><\/p>\n<p>G\u00f3i 1kg, bao 20 g\u00f3i<\/p>\n<p><strong>S\u1ea2N XU\u1ea4T T\u1ea0I:<\/strong><\/p>\n<p>Nh\u00e0 m\u00e1y MEDION VIETNAM<\/p>\n","protected":false},"excerpt":{"rendered":"<p>Ch\u1ee9a men vi sinh, th\u1ea3o d\u01b0\u1ee3c v\u00e0 kho\u00e1ng \u0111\u1eb7c bi\u1ec7t<\/p>\n","protected":false},"featured_media":2690,"comment_status":"open","ping_status":"closed","template":"","meta":[],"dang_san_pham":[121],"product_brand":[],"product_cat":[62,59,60,61,65,73],"product_tag":[319,318,321],"class_list":{"0":"post-2689","1":"product","2":"type-product","3":"status-publish","4":"has-post-thumbnail","6":"dang_san_pham-dang-khac","7":"product_cat-san-pham-cho-dai-gia-suc","8":"product_cat-san-pham-cho-ga","9":"product_cat-san-pham-cho-heo","10":"product_cat-san-pham-cho-thuy-cam","11":"product_cat-san-pham-cho-vat-nuoi-khac","12":"product_cat-thuoc-sat-trung","13":"product_tag-safe","14":"product_tag-safe-guard","15":"product_tag-safe-guard-piglet","17":"first","18":"instock","19":"shipping-taxable","20":"product-type-simple"},"acf":[],"_links":{"self":[{"href":"https:\/\/greenvet.sharecode.io.vn\/index.php?rest_route=\/wp\/v2\/product\/2689","targetHints":{"allow":["GET"]}}],"collection":[{"href":"https:\/\/greenvet.sharecode.io.vn\/index.php?rest_route=\/wp\/v2\/product"}],"about":[{"href":"https:\/\/greenvet.sharecode.io.vn\/index.php?rest_route=\/wp\/v2\/types\/product"}],"replies":[{"embeddable":true,"href":"https:\/\/greenvet.sharecode.io.vn\/index.php?rest_route=%2Fwp%2Fv2%2Fcomments&post=2689"}],"wp:featuredmedia":[{"embeddable":true,"href":"https:\/\/greenvet.sharecode.io.vn\/index.php?rest_route=\/wp\/v2\/media\/2690"}],"wp:attachment":[{"href":"https:\/\/greenvet.sharecode.io.vn\/index.php?rest_route=%2Fwp%2Fv2%2Fmedia&parent=2689"}],"wp:term":[{"taxonomy":"dang_san_pham","embeddable":true,"href":"https:\/\/greenvet.sharecode.io.vn\/index.php?rest_route=%2Fwp%2Fv2%2Fdang_san_pham&post=2689"},{"taxonomy":"product_brand","embeddable":true,"href":"https:\/\/greenvet.sharecode.io.vn\/index.php?rest_route=%2Fwp%2Fv2%2Fproduct_brand&post=2689"},{"taxonomy":"product_cat","embeddable":true,"href":"https:\/\/greenvet.sharecode.io.vn\/index.php?rest_route=%2Fwp%2Fv2%2Fproduct_cat&post=2689"},{"taxonomy":"product_tag","embeddable":true,"href":"https:\/\/greenvet.sharecode.io.vn\/index.php?rest_route=%2Fwp%2Fv2%2Fproduct_tag&post=2689"}],"curies":[{"name":"wp","href":"https:\/\/api.w.org\/{rel}","templated":true}]}}