{"id":2697,"date":"2022-11-09T16:06:53","date_gmt":"2022-11-09T09:06:53","guid":{"rendered":"https:\/\/greenvet.sharecode.io.vn\/?post_type=product&#038;p=2697"},"modified":"2022-11-09T16:07:26","modified_gmt":"2022-11-09T09:07:26","slug":"frabutyrin-mono-dw-liquid","status":"publish","type":"product","link":"https:\/\/greenvet.sharecode.io.vn\/?product=frabutyrin-mono-dw-liquid","title":{"rendered":"FRA\u00aeButyrin Mono DW liquid"},"content":{"rendered":"<p><strong>TH\u00c0NH PH\u1ea6N:<\/strong><\/p>\n<p>Trong 1 kg c\u00f3 ch\u1ee9a:<br \/>\nButyric acid (min) &#8230;&#8230;&#8230;&#8230;&#8230;&#8230;&#8230;&#8230;340.000 mg<\/p>\n<p><strong>C\u00d4NG D\u1ee4NG:<\/strong><\/p>\n<p>Gi\u00fap k\u00edch th\u00edch m\u1ecdc nhi\u1ec1u, d\u00e0y v\u00e0 d\u00e0i l\u00f4ng nhung \u0111\u01b0\u1eddng ru\u1ed9t<br \/>\nX\u00e2y d\u1ef1ng h\u1ec7 th\u1ed1ng \u0111\u01b0\u1eddng ti\u00eau h\u00f3a kh\u1ecfe m\u1ea1nh, t\u1ea1o m\u00f4i tr\u01b0\u1eddng t\u1ed1t cho vi khu\u1ea9n c\u00f3 l\u1ee3i ph\u00e1t tri\u1ec3n, h\u1ea5p thu tri\u1ec7t \u0111\u1ec3 th\u1ee9c \u0103n (gi\u1ea3m FCR), h\u1ea1n ch\u1ebf ti\u00eau ch\u1ea3y.<br \/>\nNhanh ch\u00f3ng h\u1ed3i ph\u1ee5c h\u1ec7 th\u1ed1ng l\u00f4ng nhung \u0111\u01b0\u1eddng ru\u1ed9t khi b\u1ecb b\u00e0o m\u00f2n, ng\u1eafn, c\u1ee5t do c\u00e1c b\u1ec7nh ti\u00eau ch\u1ea3y g\u00e2y ra nh\u01b0: C\u1ea7u tr\u00f9ng, vi\u00eam ru\u1ed9t, th\u01b0\u01a1ng h\u00e0n, PED, TGE, E.coli\u2026 ho\u1eb7c d\u00f9ng kh\u00e1ng sinh d\u00e0i ng\u00e0y<\/p>\n<p><strong>C\u00c1CH D\u00d9NG:<\/strong><\/p>\n<p>Pha n\u01b0\u1edbc u\u1ed1ng.<br \/>\nG\u00e0 \u00fam: 0,5-1 ml\/ 1 l\u00edt n\u01b0\u1edbc u\u1ed1ng<br \/>\nG\u00e0 th\u1ecbt: 0,125-0,4 ml\/ 1 l\u00edt n\u01b0\u1edbc u\u1ed1ng<br \/>\nG\u00e0 \u0111\u1ebb: 0,125-0,25 ml\/ 1 l\u00edt n\u01b0\u1edbc u\u1ed1ng<br \/>\nHeo con: 0,35 -1 ml\/ 1\u00edt n\u01b0\u1edbc u\u1ed1ng<br \/>\nHeo t\u1eeb 25 kg: 0,15-0,4 ml\/ 1 l\u00edt n\u01b0\u1edbc u\u1ed1ng<br \/>\nHeo n\u00e1i: 0,5 \u2013 1 ml\/ 1 l\u00edt n\u01b0\u1edbc u\u1ed1ng<br \/>\nTh\u1ee9c \u0103n: 0,5-2 l\u00edt\/ t\u1ea5n th\u1ee9c \u0103n<\/p>\n<p><strong>QUY C\u00c1CH:<\/strong><\/p>\n<p>Chai 1 l\u00edt, Can 5 l\u00edt<\/p>\n<p><strong>S\u1ea2N XU\u1ea4T T\u1ea0I:<\/strong><\/p>\n<p>Nh\u00e0 m\u00e1y FRAMELCO &#8211; Ch\u00e2u \u00c2u<\/p>\n","protected":false},"excerpt":{"rendered":"<p>\u0110\u01b0\u1eddng ru\u1ed9t kh\u1ecfe, h\u1ea5p thu th\u1ee9c \u0103n tri\u1ec7t \u0111\u1ec3 (gi\u1ea3m FCR), h\u1ea1n ch\u1ebf ti\u00eau ch\u1ea3y<\/p>\n","protected":false},"featured_media":2698,"comment_status":"open","ping_status":"closed","template":"","meta":[],"dang_san_pham":[117],"product_brand":[],"product_cat":[59,60,73],"product_tag":[334,332,333,331,330],"class_list":{"0":"post-2697","1":"product","2":"type-product","3":"status-publish","4":"has-post-thumbnail","6":"dang_san_pham-dang-dung-dich","7":"product_cat-san-pham-cho-ga","8":"product_cat-san-pham-cho-heo","9":"product_cat-thuoc-sat-trung","10":"product_tag-butyrin","11":"product_tag-butyrin-mono-dw-liquid","12":"product_tag-fra-butyrin","13":"product_tag-fra-butyrin-mono","14":"product_tag-fra-butyrin-mono-dw-liquid","16":"first","17":"instock","18":"shipping-taxable","19":"product-type-simple"},"acf":[],"_links":{"self":[{"href":"https:\/\/greenvet.sharecode.io.vn\/index.php?rest_route=\/wp\/v2\/product\/2697","targetHints":{"allow":["GET"]}}],"collection":[{"href":"https:\/\/greenvet.sharecode.io.vn\/index.php?rest_route=\/wp\/v2\/product"}],"about":[{"href":"https:\/\/greenvet.sharecode.io.vn\/index.php?rest_route=\/wp\/v2\/types\/product"}],"replies":[{"embeddable":true,"href":"https:\/\/greenvet.sharecode.io.vn\/index.php?rest_route=%2Fwp%2Fv2%2Fcomments&post=2697"}],"wp:featuredmedia":[{"embeddable":true,"href":"https:\/\/greenvet.sharecode.io.vn\/index.php?rest_route=\/wp\/v2\/media\/2698"}],"wp:attachment":[{"href":"https:\/\/greenvet.sharecode.io.vn\/index.php?rest_route=%2Fwp%2Fv2%2Fmedia&parent=2697"}],"wp:term":[{"taxonomy":"dang_san_pham","embeddable":true,"href":"https:\/\/greenvet.sharecode.io.vn\/index.php?rest_route=%2Fwp%2Fv2%2Fdang_san_pham&post=2697"},{"taxonomy":"product_brand","embeddable":true,"href":"https:\/\/greenvet.sharecode.io.vn\/index.php?rest_route=%2Fwp%2Fv2%2Fproduct_brand&post=2697"},{"taxonomy":"product_cat","embeddable":true,"href":"https:\/\/greenvet.sharecode.io.vn\/index.php?rest_route=%2Fwp%2Fv2%2Fproduct_cat&post=2697"},{"taxonomy":"product_tag","embeddable":true,"href":"https:\/\/greenvet.sharecode.io.vn\/index.php?rest_route=%2Fwp%2Fv2%2Fproduct_tag&post=2697"}],"curies":[{"name":"wp","href":"https:\/\/api.w.org\/{rel}","templated":true}]}}