{"id":2705,"date":"2022-11-09T16:35:00","date_gmt":"2022-11-09T09:35:00","guid":{"rendered":"https:\/\/greenvet.sharecode.io.vn\/?post_type=product&#038;p=2705"},"modified":"2022-11-09T16:35:01","modified_gmt":"2022-11-09T09:35:01","slug":"amitraxx","status":"publish","type":"product","link":"https:\/\/greenvet.sharecode.io.vn\/?product=amitraxx","title":{"rendered":"AmitraXX"},"content":{"rendered":"<p><strong>TH\u00c0NH PH\u1ea6N:<\/strong><\/p>\n<p>M\u1ed7i 1 ml ch\u1ee9a:<br \/>\nAmitraz BP\u2026\u2026\u2026&#8230;.125 mg<br \/>\nDung m\u00f4i v\u1eeba \u0111\u1ee7\u2026\u2026..1 ml<\/p>\n<p><strong>C\u00d4NG D\u1ee4NG:<\/strong><\/p>\n<p>\u0110i\u1ec1u tr\u1ecb ngo\u1ea1i k\u00fd sinh tr\u00f9ng nh\u01b0 v\u1ebb, gh\u1ebb, gi\u1eadn, m\u00f2, m\u1ea1t tr\u00ean c\u1ea3 tr\u00e2u b\u00f2, heo, gia c\u1ea7m.<\/p>\n<p><strong>C\u00c1CH D\u00d9NG:<\/strong><\/p>\n<p>D\u00f9ng \u0111\u1ec3 phun ho\u1eb7c nh\u00fang.<br \/>\n&#8211; Tr\u00e2u, b\u00f2, l\u1ea1c \u0111\u00e0:<br \/>\n\u0110i\u1ec1u tr\u1ecb Boopilusmicroplus: 1000 ml\/ 500 l\u00edt n\u01b0\u1edbc, d\u00f9ng trong 19-21 ng\u00e0y.<br \/>\n\u0110i\u1ec1u tr\u1ecb Haemaphysalislongicornis: 1000 ml\/ 500 l\u00edt n\u01b0\u1edbc, d\u00f9ng trong 7-21 ng\u00e0y.<br \/>\n\u0110i\u1ec1u tr\u1ecb ve g\u00e2y t\u00ea li\u1ec7t Ixdesholocyclus : 100 ml\/ 500 l\u00edt n\u01b0\u1edbc, d\u00f9ng \u0111i\u1ec1u tr\u1ecb 7-10 ng\u00e0y.<br \/>\nPhun cho gia s\u00fac t\u1ed1i thi\u1ec3u 10 l\u00edt v\u1edbi b\u00ecnh phun tay v\u00e0 4 l\u00edt v\u1edbi b\u00ecnh phun tu\u1ea7n ho\u00e0n.<br \/>\n&#8211; D\u00ea, c\u1eebu, l\u1ee3n: D\u00f9ng \u0111i\u1ec1u tr\u1ecb gh\u1ebb v\u1edbi li\u1ec1u 1000 ml\/ 250 l\u00edt n\u01b0\u1edbc. Phun cho c\u1eebu\/d\u00ea\/l\u1ee3n \u00edt nh\u1ea5t 2 l\u00edt. Phun r\u1eeda, \u0111\u1eb7c bi\u1ec7t trong tai, ch\u00e2n, d\u01b0\u1edbi h\u00e0m v\u00e0 v\u00f9ng \u0111\u01b0\u1ee3c ph\u1ee7 b\u1edfi l\u1edbp v\u1ea3y. Thay th\u1ebf l\u1edbp ch\u1ea5t \u0111\u1ed9n chu\u1ed3ng s\u1ea1ch. Phun nh\u1eafc l\u1ea1i sau 7-10 ng\u00e0y.<br \/>\n&#8211; Gia c\u1ea7m: D\u00f9ng tr\u1ecb m\u1ea1t g\u00e0 v\u1edbi li\u1ec1u 0,5-1 ml\/ 1 l\u00edt n\u01b0\u1edbc. B\u1ec7nh n\u1eb7ng c\u00f3 th\u1ec3 d\u00f9ng 2-5 ml\/ l\u00edt n\u01b0\u1edbc phun cho g\u00e0<br \/>\n&#8211; Ch\u00f3: Tr\u1ecb gh\u1ebb Demodex v\u1edbi li\u1ec1u 2ml\/ 1 l\u00edt n\u01b0\u1edbc, phun x\u1ecbt ho\u1eb7c t\u1eafm cho ch\u00f3 t\u1eeb 1-2 tu\u1ea7n.<\/p>\n<p><strong>QUY C\u00c1CH:<\/strong><\/p>\n<p>Chai 1 l\u00edt<\/p>\n<p><strong>S\u1ea2N XU\u1ea4T T\u1ea0I:<\/strong><\/p>\n<p>Nh\u00e0 m\u00e1y MIAVIT<\/p>\n","protected":false},"excerpt":{"rendered":"<p>Ph\u00f2ng v\u00e0 tr\u1ecb n\u1ed9i, ngo\u1ea1i k\u00ed sinh tr\u00f9ng<\/p>\n","protected":false},"featured_media":2706,"comment_status":"open","ping_status":"closed","template":"","meta":[],"dang_san_pham":[117],"product_brand":[],"product_cat":[62,59,60,64,61,65,73],"product_tag":[340,339],"class_list":{"0":"post-2705","1":"product","2":"type-product","3":"status-publish","4":"has-post-thumbnail","6":"dang_san_pham-dang-dung-dich","7":"product_cat-san-pham-cho-dai-gia-suc","8":"product_cat-san-pham-cho-ga","9":"product_cat-san-pham-cho-heo","10":"product_cat-san-pham-cho-thu-cung","11":"product_cat-san-pham-cho-thuy-cam","12":"product_cat-san-pham-cho-vat-nuoi-khac","13":"product_cat-thuoc-sat-trung","14":"product_tag-amitrax","15":"product_tag-amitraxx","17":"first","18":"instock","19":"shipping-taxable","20":"product-type-simple"},"acf":[],"_links":{"self":[{"href":"https:\/\/greenvet.sharecode.io.vn\/index.php?rest_route=\/wp\/v2\/product\/2705","targetHints":{"allow":["GET"]}}],"collection":[{"href":"https:\/\/greenvet.sharecode.io.vn\/index.php?rest_route=\/wp\/v2\/product"}],"about":[{"href":"https:\/\/greenvet.sharecode.io.vn\/index.php?rest_route=\/wp\/v2\/types\/product"}],"replies":[{"embeddable":true,"href":"https:\/\/greenvet.sharecode.io.vn\/index.php?rest_route=%2Fwp%2Fv2%2Fcomments&post=2705"}],"wp:featuredmedia":[{"embeddable":true,"href":"https:\/\/greenvet.sharecode.io.vn\/index.php?rest_route=\/wp\/v2\/media\/2706"}],"wp:attachment":[{"href":"https:\/\/greenvet.sharecode.io.vn\/index.php?rest_route=%2Fwp%2Fv2%2Fmedia&parent=2705"}],"wp:term":[{"taxonomy":"dang_san_pham","embeddable":true,"href":"https:\/\/greenvet.sharecode.io.vn\/index.php?rest_route=%2Fwp%2Fv2%2Fdang_san_pham&post=2705"},{"taxonomy":"product_brand","embeddable":true,"href":"https:\/\/greenvet.sharecode.io.vn\/index.php?rest_route=%2Fwp%2Fv2%2Fproduct_brand&post=2705"},{"taxonomy":"product_cat","embeddable":true,"href":"https:\/\/greenvet.sharecode.io.vn\/index.php?rest_route=%2Fwp%2Fv2%2Fproduct_cat&post=2705"},{"taxonomy":"product_tag","embeddable":true,"href":"https:\/\/greenvet.sharecode.io.vn\/index.php?rest_route=%2Fwp%2Fv2%2Fproduct_tag&post=2705"}],"curies":[{"name":"wp","href":"https:\/\/api.w.org\/{rel}","templated":true}]}}